culate 1 + -3 + (-18 - -9 - -4 - (3 - -3)).
-13
Evaluate (-2979 - -2978) + (3 - 3 - 65).
-66
Calculate -66 - (44 + -29 + -70).
-11
(23 - -1) + (22 - 46) + -150 - (-15 - -3)
-138
(-3 - -46) + -149 + 69
-37
Evaluate -29 + 19 + -22 + -74 + 1 + 2.
-103
Calculate -20 + (5 - 25 - -37).
-3
Calculate 52 + 3 - ((-11 + 12 - -8) + 3).
43
What is -1 - (-9 - (-16 - (16 - (-2 + 21))))?
-5
What is the value of 0 + 19 - ((25 + 0 - 3) + -12) - 42?
-33
What is the value of 136 - (-39 + 434) - -146?
-113
Calculate (7 + -5 - 2) + (871 - 918).
-47
(-16 - (7 - 88)) + -53 + 46
58
Evaluate 128 + -133 + 12 + 71.
78
What is (-5 - -64) + (-5 - -2) + 6 + -9?
53
Evaluate -88 + (11 - (-8 + -8 + 7 + 0 + 10)).
-78
Calculate 13 + (20 - (34 - 15) - 13) + (2 - 17).
-14
Calculate 2 + -63 - (-68 + (-20 - -108)).
-81
What is -38 + (-15 - -8) + 98 + -67?
-14
Calculate 2 - 72 - (25 - (-2 + 32)).
-65
Calculate -68 - (219 - 105 - 195).
13
Evaluate 7 - (11 + -2 + -33 + 33 + 43 - -1).
-46
What is -4 + -1 + 0 - (17 + -55 + -17 - -3)?
47
What is the value of (-4 - (-7 + (22 - (-21 - -48)))) + -52?
-44
What is (15 - (-1 - -3)) + 7366 + -7457?
-78
What is 23 - 1 - ((-36 - 37) + (-55 - -210))?
-60
What is -20 - (0 + (10 - 18) + -14 + 90)?
-88
Evaluate 22 + -38 - (40 + -2 - -40).
-94
What is -461 + 437 + (54 - -1)?
31
Calculate 4 + 2 + -2 + 4 + (-491 - -471) - 32.
-44
What is the value of 3 + -14 + 10 + -5 - (-252 + 263)?
-17
Calculate 30 - (-8 + 20 - 20 - -26).
12
What is -479 - -526 - (8 + (-2 - 0))?
41
Evaluate 10 - (30 - (12 - 24) - (19 + -3)).
-16
What is -27 + 4 + -124 + 137 - (1 + 22) - -3?
-30
What is the value of 21 + -16 + -44 + 66?
27
13 + (-34 - ((-14 - -7) + (31 - 25)))
-20
(-561 - -591) + 0 + -27 + (0 - (38 - 1))
-34
-47 + (12 + (0 - 6 - 1) - (-13 - -18))
-47
What is the value of (0 - 15) + 2169 + -2131?
23
(29 - 51 - -100) + -18
60
What is (1 - -16 - (-92 - -105)) + 21 + 12?
37
Calculate 96 - (0 - (-38 - (-25 + 3))).
80
What is the value of -74 - (38 - 30) - -27?
-55
Evaluate -9 - (16 + (37 - -16) - 26).
-52
What is the value of ((1 - 10) + 0 - (-74 + -1 + 13)) + -4?
49
What is -11 + 31 - (-1 + (11 - -14))?
-4
What is (1 - 0 - (-1459 - -1451)) + (0 + 45 - 1)?
53
What is -12 - (-97 + (-2 - (11 + -7 - (-14 + 7))))?
98
What is -9 + (56 - (69 - 3))?
-19
Evaluate (-30 - (-14 - -2)) + 92 + (1 - 5).
70
What is the value of 2 + -11 + 16 + (-5 - -8 - 21)?
-11
Calculate 1 + 3 - (-62 + -19 + 79 + -20).
26
Calculate -29 - -5 - (192 - 122) - (4 - 23).
-75
What is -9 - -21 - 0 - (836 - 887)?
63
Calculate (-31 - (3 - (4 + 1) - -6)) + (-13 - 0).
-48
Calculate (508 - 497 - (0 + 1)) + -6 + 1 + 13.
18
Evaluate (21 - (-17 + 25)) + 55 + -36.
32
Evaluate 25 + -31 - 12 - -78 - (-13 - 5).
78
Evaluate -99 + (-14 - -90) - -35.
12
1 + -37 - (-11516 - -11423)
57
What is the value of (-16 - (8 - (-6 - 7 - -21))) + 8?
-8
What is (23 - 0) + 0 + (-24 - (-18 + -2))?
19
What is the value of -23 + 6 + 21 + (5 - 20) + -5?
-16
What is -88 - -62 - (-4 - 22) - (-35 + 1 - 0)?
34
Evaluate 10 + -2 - (-18 + 0 + (-86 + 44 - -47)).
21
What is the value of 24 - ((7 - -26) + (73 - 82))?
0
What is (-44 - -23) + 12 + 8 + 12 - (13 + -1)?
-1
What is the value of -35 - ((4 + -22 - -12) + -15)?
-14
Calculate (-1 + 58 - (122 - 132)) + -6.
61
11 + -7 + 12 + -3 - 3
10
Evaluate ((246 - 258) + (113 - -1) - 8) + -14.
80
What is the value of -29 - 2 - ((37 - 0) + (-346 - -320))?
-42
56 - (-125 + 64 - -80)
37
Calculate (-31 - (-3 - -16)) + 26.
-18
Calculate -167 + 30 - (-135 + -105).
103
Calculate (-15 - -23 - 26 - -24) + (3 - 38).
-29
(29 - -14) + -22 + 9
30
Calculate -497 + 514 + (-66 - 2).
-51
Calculate -20 + -79 + 66 + 38.
5
1 + (0 - 0) - (-27 + 18 + 0)
10
8361 + -8270 - (-1 + 14)
78
Calculate -16 + 30 - 0 - (49 + -12).
-23
Calculate (-2 + 4 - -2) + (-11 - 5) + -22.
-34
What is -4 + 36 + -5 + -10 + -66?
-49
Evaluate -1 + 4 + -16 + (-94 - -55).
-52
Evaluate -16070 - -15961 - (-22 + 0).
-87
What is 0 + 3 + 42 - (-12 - (-1 - (-1 - -18)))?
39
-5 + 6 + 11 + 21 + 12
45
Calculate 19 + -83 + (77 - -46).
59
(0 - -2) + 59 + (-11 - (-22 - -6) - 21)
45
What is the value of -47 - (-110 - -46 - 2)?
19
Evaluate (14 - 33 - -98) + 1 + -16.
64
What is the value of 52 - (23 - (7 + -14 + 9))?
31
Calculate 42 + (-99 - (-37 - 11)).
-9
7 - (-145 - -138 - (-1 - 6))
7
What is -9 - (-12 + -9 + 17 - -17)?
-22
Calculate (832 - 808 - ((9 - -2) + 0)) + 5.
18
What is the value of (12 - (-11 + 5)) + 10 - 13?
15
What is (6 - 1 - 6) + (0 + 122 - (-139 - -158))?
102
Evaluate -14 + (29 - -17) + -15 + 4.
21
What is the value of (2 - (-21 + 1)) + -13 - 3?
6
What is the value of 79 + (-14 + 19 - 41) + 49?
92
-370 + 333 + (-26 - -4)
-59
What is the value of -1 + 9 + -2 - (-323 - -291)?
38
Calculate -1364 - -1565 - (67 - 9).
143
Calculate -82 + 40 + -40 - -104.
22
What is (54 - (0 + 47)) + -5?
2
Evaluate 63 - 7 - (777 + -737).
16
What is 60 - ((16 - -53) + -6)?
-3
What is -11 + (65 - 2 - -5) + 8 - (14 - 11)?
62
What is the value of 175 - 189 - (-5 + 3 + 31)?
-43
Evaluate -26 - -50 - 20 - (3 - -2) - 58.
-59
Evaluate (3 - 18) + (36 - (-1 - -71)).
-49
What is the value of -2 - (26 - ((17 - -9) + 53))?
51
What is -6 + 26 + 41 + -17?
44
(-17 - -15) + 82 - (-35 + 0)
115
Calculate -6 + 9 - 2 - (21 + 1).
-21
What is the value of (-33 - -35) + (-11 - -2 - -9 - -64)?
66
33 + (-8 - (-3 + 41)) - -93
80
Calculate -4 + (22 - 7) - (51 + -20 - -71).
-91
Evaluate (-21 - -11) + (-7 - 10) + -11 + -1.
-39
What is -202 + -137 + 295 + 2 + -34?
-76
Calculate 129 - (-90 + 197 + 143).
-121
What is the value of 9 + (-17 - 3 - (-3 + 23))?
-31
What is (6 + -15 + 16 - -5 - 13) + -10?
-11
What is the value of -397 - -387 - ((0 - -1 - (-3 + 2)) + 45)?
-57
Calculate -21 + -80 + -17 + 27.
-91
Evaluate -58 + -37 - ((6 - -2) + -7 - (-1 - -4)).
-93
What is the value of 6 + -55 + (5 - (13 - 18)) + 13?
-26
-4 + (-2 + 3 + -1 - 4) - (709 - 606)
-111
Evaluate 3 + 1 + 294 + -70 + -129.
99
Evaluate (12 - (-1 + 1)) + (86 - 108) - 25.
-35
754 - 808 - (-2 + -3 + 5 - 1)
-53
-1 - -31 - ((-37 - -67) + -1)
1
Evaluate (-1 - (-12 - -1)) + -38 + (101 - 52).
21
Evaluate 51 + 42 + -159 + 52.
-14
Evaluate -15 + (-1 - -2) + 228 + -330 + 48.
-68
Evaluate -111 - (-75 + 63 - 58).
-41
What is the value of (-131 - -121) + 7 + -7?
-10
Evaluate 24 + (30 - 47) - (0 - -11) - (-5 - 50).
51
Calculate 2 + -4 + (-64 - -31 - -20 - (1 - 75)).
59
What is 6 - (71 - ((-49 - -53) + (-5 - -9 - -6)))?
-51
What is (-5 - (4 - 3)) + (13 + 38 - 20) + -16?
9
Calculate -20 + 5 + 16 + (-19 + 18 - 3).
-3
Calculate -31 + (20 - -7) + 5 - 27.
-26
-8 - (-19 + 0) - (-2 - (41 - 4 - 5))
45
What is 4 + -2 + 6 + -4 + (-69 - (-107 + 28))?
14
What is (-2 - (-8 + 12)) + (22 - -8)?
24
-72 - (-12 + 28 + -3 - 31 - 3)
-51
What is the value of 41 + -17 - (31 + -79 + 26)?
46
(-56 - -97) + -65 - (2 + 1 + -9)
-18
What is the value of -51 + -11 + (22 - 23 - -10)?
-53
Calculate (34 - 83 - -102) + -137.
-84
What is the value of -1 - (6 + -31 - (129 - 255))?
-102
What is -11 + -6 + (25 - (-28 + 34))?
2
Calculate -90 - 5 - (0 - -1 - (199 - 181) - -4).
-82
What is the value of 10 - (16 + (13 - 35) + 6 + 1)?
9
What is the value of -36 - -51 - 57 - 4?
-46
What is (83 - 0) + (72 - 236) + 150?
69
Calculate -16 + (140 - (-7 + (2 - (-32 + 16)) + -5)).
118
What is the value of -57 + -43 + 6 + (-28 - -96)?
-26
Calculate 57 - (27 - (-60 - -47)).
17
What is the value of (-1 - -37) + 4 + (-22 - 18 - -30)?
30
(-42 + 45 - (-5 - -68 - 4)) + 14
-42
What is the value of -94 + 147 + -54 + 1 + -86?
-86
What is the value of -11 - (-7 + (-11 - -12) + -1) - -13?
9
Calculate -36 + (-2 + 0 - -3 - 0) + -1.
-36
31 - ((-3 - 0) + (52 - 38)) - 9
11
What is -6 + -9 + -23 + (2 + (-9 - -3) - 5)?
-47
Evaluate 2 + (55 - 0) + (-40 - -4) + (210 - 168).
63
Calculate -10 + -15 + -10 + 9 + -11.
-37
Calculate -3 - (0 - -14) - (-2199 + 2231).
-49
16 + (-75 - (-37 - -12)) - 75
-109
Calculate -95 + -1 - (-225 - (236 - 435)).
-70
Calculate -70 - -23 - -66 - -72.
91
Calculate 2 - -48 - -2 - (51 + -43 + 9 + -17).
52
What is (-12 - (9 + -31)) + 2 + -81?
-69
Calculate 17 - (297 - 282 - (0 - 36)).
-34
What is the value of 10035 + -9968 + 1 + 14?
82
Evaluate (-1 - ((24 - (17 - 2)) + -7)) + 35.
32
What is the value of 30 - 1 - (-6 + (-5 - -7 - (56 + -64)))?
25
(-38 + 16 - -40) + -46 + 67
39
What is the value of 8 - (8 - -17 - 7